59621 a prime number?
True
Is 2392608541 prime?
True
Is 80450178287 a composite number?
True
Is 15424145873 a prime number?
True
Is 16762165609 a prime number?
False
Is 263378023 a composite number?
False
Is 518390819 composite?
True
Is 20120354791 a prime number?
True
Is 162831441 a composite number?
True
Is 846463859 composite?
False
Is 1738299103 a composite number?
True
Is 244488889 composite?
False
Is 7140279455 prime?
False
Is 11747442413 composite?
True
Is 1637918855 a composite number?
True
Is 4169415046 a prime number?
False
Is 60580294991 prime?
True
Is 19974729 prime?
False
Is 22814994127 a prime number?
False
Is 1633921039 a composite number?
False
Is 11892532667 composite?
False
Is 373336963 a composite number?
False
Is 5883920359 prime?
True
Is 42147825157 prime?
False
Is 16829764247 composite?
True
Is 12254733565 a prime number?
False
Is 1152829777 composite?
True
Is 2799694721 prime?
True
Is 10711855727 a composite number?
False
Is 12669097213 prime?
True
Is 5216782631 a prime number?
True
Is 397435301 prime?
True
Is 1428834571 a composite number?
False
Is 43818191771 prime?
False
Is 1565506277 a composite number?
True
Is 2889587551 composite?
True
Is 25081761611 composite?
False
Is 22058984261 prime?
True
Is 205777478281 a prime number?
False
Is 3264724139 a prime number?
True
Is 9192946327 composite?
True
Is 12866028649 prime?
True
Is 894546959 a composite number?
False
Is 922775993 composite?
True
Is 31757989451 a composite number?
True
Is 13256421517 a prime number?
False
Is 39830039491 composite?
True
Is 2072713639 composite?
False
Is 1683960043 a composite number?
True
Is 21599213959 prime?
False
Is 432878093 composite?
False
Is 2673078991 a prime number?
False
Is 858890587 a composite number?
True
Is 57066984487 a composite number?
True
Is 451721411 prime?
False
Is 3247771351 a prime number?
False
Is 19330860299 a composite number?
False
Is 547798931 a prime number?
False
Is 89773200497 a composite number?
False
Is 154291327 prime?
True
Is 103533239 composite?
False
Is 78868597 a prime number?
True
Is 2962067881 composite?
False
Is 1833317237 a prime number?
False
Is 3197179123 a prime number?
True
Is 464232367 a prime number?
True
Is 37878492841 a prime number?
False
Is 99052965811 prime?
True
Is 126005137 prime?
True
Is 6774391567 composite?
True
Is 18265966417 prime?
True
Is 1929135407 a composite number?
False
Is 509258993 a composite number?
False
Is 7969653043 a prime number?
False
Is 2207094287 a composite number?
False
Is 494252547 a composite number?
True
Is 2437474621 a composite number?
True
Is 13660587169 composite?
True
Is 1195385987 prime?
True
Is 512676823 prime?
False
Is 25778254529 prime?
False
Is 35662049131 prime?
True
Is 6990028649 a prime number?
False
Is 944540299 prime?
True
Is 21749778763 a composite number?
False
Is 211085981 a prime number?
True
Is 14504894227 composite?
False
Is 1718161 a composite number?
True
Is 3211922841 a prime number?
False
Is 657554593 composite?
False
Is 1457599553 a composite number?
False
Is 496565879 a prime number?
False
Is 191929565209 a prime number?
False
Is 25157339539 a composite number?
False
Is 4287616709 a composite number?
True
Is 94858567 prime?
True
Is 21798160379 prime?
True
Is 856326739 a prime number?
True
Is 1533000463 prime?
True
Is 2231808041 prime?
True
Is 1227473515 prime?
False
Is 34175643707 prime?
True
Is 15058040537 prime?
False
Is 107955937 composite?
True
Is 1514971355 prime?
False
Is 38805848593 a composite number?
False
Is 617461919 composite?
True
Is 4256675903 a prime number?
False
Is 36461561 composite?
True
Is 8041186849 a composite number?
True
Is 2441838013 composite?
False
Is 772204831 a composite number?
True
Is 266462611 prime?
True
Is 1716647 a prime number?
True
Is 742453619 a composite number?
False
Is 1435535957 a composite number?
False
Is 2217778153 composite?
False
Is 270705173 a composite number?
True
Is 2719674779 composite?
False
Is 29424818842 a prime number?
False
Is 576216119 prime?
False
Is 17296427123 a composite number?
True
Is 5653575833 a composite number?
True
Is 10705808917 prime?
True
Is 791933029 a prime number?
True
Is 548996243 prime?
True
Is 4970683531 composite?
True
Is 95658483923 a prime number?
True
Is 320556183 a prime number?
False
Is 1054110929 composite?
False
Is 3371705381 composite?
True
Is 312902869 composite?
True
Is 1277936207 a composite number?
False
Is 35248175051 prime?
True
Is 308726731 prime?
False
Is 76744164689 a prime number?
False
Is 147575869255 prime?
False
Is 15683725577 composite?
True
Is 55193047873 composite?
True
Is 165858242479 composite?
True
Is 1270781749 prime?
False
Is 27436641803 prime?
True
Is 87768503 a prime number?
False
Is 6733734221 a prime number?
False
Is 29125939033 composite?
False
Is 3961997111 prime?
False
Is 3049502063 prime?
True
Is 659562469 a prime number?
True
Is 184108909 a prime number?
False
Is 523990447 a prime number?
True
Is 4566012791 prime?
True
Is 3795782963 prime?
False
Is 31547933717 a composite number?
False
Is 51860267 a composite number?
False
Is 5464678143 composite?
True
Is 269632471 a prime number?
False
Is 1776616265 a composite number?
True
Is 5169436663 a prime number?
True
Is 3764040829 a prime number?
False
Is 15831902157 a composite number?
True
Is 11199121 a composite number?
False
Is 444530419 prime?
False
Is 5528214947 composite?
False
Is 55630896349 a prime number?
False
Is 113727139883 composite?
True
Is 360976673 prime?
False
Is 5671198417 composite?
False
Is 27270453227 composite?
False
Is 6479716027 a composite number?
True
Is 139033508217 composite?
True
Is 2192941121 prime?
False
Is 370608481 composite?
False
Is 505725569 a composite number?
True
Is 25596974759 composite?
False
Is 13607545141 prime?
False
Is 841391867 prime?
True
Is 58572075797 a prime number?
True
Is 3601932491 prime?
False
Is 2611510003 prime?
True
Is 434894963 a prime number?
True
Is 186295727 a prime number?
True
Is 137158564847 a prime number?
True
Is 17360707237 a prime number?
False
Is 21647836403 composite?
False
Is 1208925337 a prime number?
True
Is 3267479351 composite?
False
Is 6277561021 prime?
False
Is 11056272941 composite?
True
Is 37134336131 composite?
False
Is 116455403 composite?
True
Is 1196176439 a composite number?
False
Is 86677165337 a composite number?
True
Is 1479926165 prime?
False
Is 1654317967 composite?
False
Is 3625842821 a prime number?
True
Is 630699931 a prime number?
False
Is 1517232599 composite?
False
Is 332628623 prime?
True
Is 76451379029 prime?
False
Is 15545881243 a composite number?
False
Is 41736036299 composite?
True
Is 6635597849 a composite number?
False
Is 6034136617 a prime number?
True
Is 736331369 a composite number?
False
Is 403006957 prime?
True
Is 11964170299 prime?
True
Is 51962873561 a composite number?
False
Is 40105343 composite?
False
Is 1325073923 a prime number?
False
Is 32857229191 composite?
False
Is 2054694731 composite?
True
Is 812879713 a prime number?
False
Is 1448701477 a composite number?
False
Is 151503599543 a composite number?
False
Is 6355101003 a composite number?
True
Is 227361982234 a prime number?
False
Is 26505632551 a composite number?
False
Is 56728711317 a composite number?
True
Is 2983926151 prime?
False
Is 994550833 prime?
True
Is 392126323 composite?
True
Is 527245093 prime?
False
Is 3462768929 a prime number?
True
Is 6336808619 a composite number?
False
Is 14219983 a prime number?
False
Is 10780408451 a prime number?
False
Is 1788151249 a prime number?
False
Is 34021457629 composite?
True
Is 37354045633 prime?
False
Is 5727693817 prime?
True
Is 9047251309 prime?
True
Is 9881326419 a composite number?
True
Is 7337380469 a prime number?
True
Is 621278143 prime?
True
Is 16920994723 a prime number?
True
Is 710647699 a composite number?
False
Is 15581510851 a prime number?
True
Is 28936597 a prime number?
False
Is 16031595427 prime?
True
Is 50439053597 prime?
False
Is 316655143069 a prime number?
True
Is 1901082074 composite?
True
Is 884269403 a prime number?
False
Is 607407967 prime?
True
Is 177768901 a composite number?
True
Is 57800136209 a prime number?
False
Is 10637399013 a prime number?
False
Is 15664379953 a composite number?
False
Is 48351768163 prime?
True
Is 5729